{"id":68,"date":"2017-09-20T08:09:34","date_gmt":"2017-09-20T08:09:34","guid":{"rendered":"http:\/\/www.uapovoense.net\/web\/?page_id=68"},"modified":"2017-09-20T13:43:39","modified_gmt":"2017-09-20T13:43:39","slug":"historial","status":"publish","type":"page","link":"https:\/\/www.uapovoense.net\/web\/historial\/","title":{"rendered":"Historial"},"content":{"rendered":"<p>A colectividade de cultura e recreio denominada Uni\u00e3o Atl\u00e9tico Povoense foi fundada no dia 1 de Maio de 1942, por um pequeno grupo de habitantes da j\u00e1 ent\u00e3o populosa freguesia da P\u00f3voa de Santa Iria (elevada \u00e0 categoria de vila em 1985 e \u00e0 de cidade desde o dia 1 de Novembro de 1999, por for\u00e7a do decreto-lei n\u00ba 54\/99 de 24 de Junho do mesmo ano), do concelho de Vila franca de Xira, situada \u00e0s portas de Lisboa, na margem norte do rio Tejo. O Clube tem os seus Estatutos aprovados desde 23 de Maio de 1942 e publicados no \u201cDi\u00e1rio do Governo\u201d, n\u00ba 223 de 23 de Novembro de 1944.<br \/>\nNesse hist\u00f3rico primeiro dia de Maio, num pequeno armaz\u00e9m da firma \u201cPereira e Bessa\u201d, na Rua da Rep\u00fablica (onde \u00e9 hoje o Cachen\u00e9), apadrinhou-se com um beberete o nascimento do Clube. A equipa vestia-se de amarelo e vermelho e enfrentava os seus advers\u00e1rios no campo que \u00e9 hoje de \u201cAnt\u00f3nio Cardoso\u201d, por vezes com lama at\u00e9 ao joelho.<\/p>\n<p>At\u00e9 ao local que \u00e9 hoje a \u201cSede da Bola\u201d, as chamadas decis\u00f5es de secretaria passaram pelo que \u00e9 hoje a sapataria do Monteiro, na Rua da Rep\u00fablica, pelo 1\u00ba andar da antiga Taberna da Vi\u00fava do Z\u00e9 Cocheiro, no Largo do Pombinha e hoje caf\u00e9, e pela actual Av. Isidoro Costa, tamb\u00e9m conhecida pela rua do Cais, num local que j\u00e1 foi ferro velho e \u00e9 hoje restaurante.<\/p>\n<div id=\"attachment_199\" style=\"width: 390px\" class=\"wp-caption alignleft\"><img loading=\"lazy\" decoding=\"async\" aria-describedby=\"caption-attachment-199\" class=\"wp-image-199 size-full\" src=\"http:\/\/www.uapovoense.net\/web\/wp-content\/uploads\/2017\/09\/equipa_58.jpg\" alt=\"Equipa 1958\" width=\"380\" height=\"210\" srcset=\"https:\/\/www.uapovoense.net\/web\/wp-content\/uploads\/2017\/09\/equipa_58.jpg 380w, https:\/\/www.uapovoense.net\/web\/wp-content\/uploads\/2017\/09\/equipa_58-300x166.jpg 300w, https:\/\/www.uapovoense.net\/web\/wp-content\/uploads\/2017\/09\/equipa_58-128x71.jpg 128w, https:\/\/www.uapovoense.net\/web\/wp-content\/uploads\/2017\/09\/equipa_58-32x18.jpg 32w, https:\/\/www.uapovoense.net\/web\/wp-content\/uploads\/2017\/09\/equipa_58-2x1.jpg 2w\" sizes=\"auto, (max-width: 380px) 100vw, 380px\" \/><p id=\"caption-attachment-199\" class=\"wp-caption-text\">Equipa 1958<\/p><\/div>\n<p>J\u00e1 com o actual nome de Uni\u00e3o Atl\u00e9tico Povoense, o primeiro t\u00edtulo surgiu na \u00e9poca de 1949\/50, na categoria de reservas. No entanto outros trof\u00e9us se seguiriam que viriam enriquecer o patrim\u00f3nio e o orgulho dos povoenses.<\/p>\n<div class=\"clear\"><\/div>\n<p>A 13 de Maio de 2000 foi inaugurada, por ocasi\u00e3o das comemora\u00e7\u00f5es do 58\u00ba anivers\u00e1rio do Clube, a nova Sede Social, em cerim\u00f3nia que contou com a presen\u00e7a de diversas individualidades como o Sr. Secret\u00e1rio de Estado da Administra\u00e7\u00e3o e Ordenamento do Territ\u00f3rio, Dr. Pedro da Silva Pereira, e a Sra. Presidente da C\u00e2mara Municipal de Vila Franca de Xira, Maria da Luz Rosinha.<\/p>\n<p>Os s\u00edmbolos do Uni\u00e3o Atl\u00e9tico Povoense s\u00e3o: as cores encarnada e amarela, representadas num escudo bipartido encimado por uma coroa de castelos dourados, inspirados na Quinta do Marqu\u00eas de Abrantes, e a representa\u00e7\u00e3o de uma bola de futebol de cor castanha na qual est\u00e3o inseridas as iniciais UAP.<\/p>\n<p>Presentemente, este Clube, com mais de dois mil associados e cerca de mil praticantes nas suas diversas modalidades, prepara-se para a maior aventura com o projecto, j\u00e1 em constru\u00e7\u00e3o e n\u00e3o muito longe do t\u00e9rmino, de um impressionante complexo desportivo composto por dois campos de futebol, um relvado e um sint\u00e9tico, balne\u00e1rios e uma pista de atletismo que, juntando ao pavilh\u00e3o polivalente em constru\u00e7\u00e3o na Escola EB 2\/3 Aristides de Sousa Mendes, dotar\u00e1 o Clube de condi\u00e7\u00f5es excepcionais para a pr\u00e1tica das mais distintas actividades.<\/p>\n<p>Algumas refer\u00eancias futebol\u00edsticas:<\/p>\n<ul>\n<li><strong>Seniores<\/strong><br \/>\nCampe\u00f5es da 1\u00aa Divis\u00e3o da A.F.L. \u2013 1972\/73.<br \/>\nCampe\u00f5es da 2\u00aa Divis\u00e3o da Associa\u00e7\u00e3o de Futebol de Lisboa \u2013 1953\/54, 1956\/57, 1958\/59, 1982\/83.<br \/>\nCampe\u00f5es da 3\u00aa Divis\u00e3o da A.F.L. \u2013 1967\/68.<\/li>\n<li><strong>Reservas<\/strong><br \/>\nCampe\u00f5es de s\u00e9rie da 3\u00aa Divis\u00e3o da A.F.L. \u2013 1949\/50<\/li>\n<li><strong>Juniores<br \/>\n<\/strong>Vencedores da Ta\u00e7a \u201cRaul Vieira\u201d \u2013 1956\/57<br \/>\nCampe\u00f5es de s\u00e9rie da A.F.L. \u2013 1973\/74<\/li>\n<li><strong>Iniciados<\/strong><br \/>\nCampe\u00f5es de s\u00e9rie da 2\u00aa Divis\u00e3o da A.F.L. \u2013 1999\/2000<\/li>\n<li><strong>Infantis<\/strong><br \/>\nVencedores do Torneio Extraordin\u00e1rio da A.F.L. \u2013 1987\/88<\/li>\n<\/ul>\n<div id=\"attachment_205\" style=\"width: 390px\" class=\"wp-caption alignnone\"><img loading=\"lazy\" decoding=\"async\" aria-describedby=\"caption-attachment-205\" class=\"wp-image-205 size-full\" src=\"http:\/\/www.uapovoense.net\/web\/wp-content\/uploads\/2017\/09\/equipa_47-48.jpg\" alt=\"Equipa 1947\/48\" width=\"380\" height=\"294\" srcset=\"https:\/\/www.uapovoense.net\/web\/wp-content\/uploads\/2017\/09\/equipa_47-48.jpg 380w, https:\/\/www.uapovoense.net\/web\/wp-content\/uploads\/2017\/09\/equipa_47-48-300x232.jpg 300w, https:\/\/www.uapovoense.net\/web\/wp-content\/uploads\/2017\/09\/equipa_47-48-128x99.jpg 128w, https:\/\/www.uapovoense.net\/web\/wp-content\/uploads\/2017\/09\/equipa_47-48-32x25.jpg 32w, https:\/\/www.uapovoense.net\/web\/wp-content\/uploads\/2017\/09\/equipa_47-48-1x1.jpg 1w\" sizes=\"auto, (max-width: 380px) 100vw, 380px\" \/><p id=\"caption-attachment-205\" class=\"wp-caption-text\">Equipa 1947\/48<\/p><\/div>\n","protected":false},"excerpt":{"rendered":"<p>A colectividade de cultura e recreio denominada Uni\u00e3o Atl\u00e9tico Povoense foi fundada no dia 1 de Maio de 1942, por um pequeno grupo de habitantes da j\u00e1 ent\u00e3o populosa freguesia da P\u00f3voa de Santa Iria (elevada \u00e0 categoria de vila em 1985 e \u00e0 de cidade desde o dia 1 de Novembro de 1999, por [&hellip;]<\/p>\n","protected":false},"author":1,"featured_media":0,"parent":0,"menu_order":2,"comment_status":"closed","ping_status":"closed","template":"","meta":{"footnotes":""},"class_list":["post-68","page","type-page","status-publish","hentry"],"_links":{"self":[{"href":"https:\/\/www.uapovoense.net\/web\/wp-json\/wp\/v2\/pages\/68","targetHints":{"allow":["GET"]}}],"collection":[{"href":"https:\/\/www.uapovoense.net\/web\/wp-json\/wp\/v2\/pages"}],"about":[{"href":"https:\/\/www.uapovoense.net\/web\/wp-json\/wp\/v2\/types\/page"}],"author":[{"embeddable":true,"href":"https:\/\/www.uapovoense.net\/web\/wp-json\/wp\/v2\/users\/1"}],"replies":[{"embeddable":true,"href":"https:\/\/www.uapovoense.net\/web\/wp-json\/wp\/v2\/comments?post=68"}],"version-history":[{"count":13,"href":"https:\/\/www.uapovoense.net\/web\/wp-json\/wp\/v2\/pages\/68\/revisions"}],"predecessor-version":[{"id":235,"href":"https:\/\/www.uapovoense.net\/web\/wp-json\/wp\/v2\/pages\/68\/revisions\/235"}],"wp:attachment":[{"href":"https:\/\/www.uapovoense.net\/web\/wp-json\/wp\/v2\/media?parent=68"}],"curies":[{"name":"wp","href":"https:\/\/api.w.org\/{rel}","templated":true}]}}