{"id":108,"date":"2017-09-20T09:19:38","date_gmt":"2017-09-20T09:19:38","guid":{"rendered":"http:\/\/www.uapovoense.net\/web\/?page_id=108"},"modified":"2017-09-20T11:22:16","modified_gmt":"2017-09-20T11:22:16","slug":"equipas","status":"publish","type":"page","link":"https:\/\/www.uapovoense.net\/web\/equipas\/","title":{"rendered":"Equipas"},"content":{"rendered":"<p>Nesta sec\u00e7\u00e3o podem consultar as classifica\u00e7\u00f5es, resultados e calend\u00e1rios de jogos das Equipas de Futebol da UAP.<\/p>\n<ul>\n<li><a href=\"http:\/\/www.uapovoense.net\/web\/equipas\/seniores\/\">SENIORES<\/a><\/li>\n<li>JUNIORES<\/li>\n<li><a href=\"http:\/\/www.uapovoense.net\/web\/equipas\/infantis\/\">INFANTIS<\/a><\/li>\n<\/ul>\n","protected":false},"excerpt":{"rendered":"<p>Nesta sec\u00e7\u00e3o podem consultar as classifica\u00e7\u00f5es, resultados e calend\u00e1rios de jogos das Equipas de Futebol da UAP. SENIORES JUNIORES INFANTIS<\/p>\n","protected":false},"author":1,"featured_media":0,"parent":0,"menu_order":5,"comment_status":"closed","ping_status":"closed","template":"","meta":{"footnotes":""},"class_list":["post-108","page","type-page","status-publish","hentry"],"_links":{"self":[{"href":"https:\/\/www.uapovoense.net\/web\/wp-json\/wp\/v2\/pages\/108","targetHints":{"allow":["GET"]}}],"collection":[{"href":"https:\/\/www.uapovoense.net\/web\/wp-json\/wp\/v2\/pages"}],"about":[{"href":"https:\/\/www.uapovoense.net\/web\/wp-json\/wp\/v2\/types\/page"}],"author":[{"embeddable":true,"href":"https:\/\/www.uapovoense.net\/web\/wp-json\/wp\/v2\/users\/1"}],"replies":[{"embeddable":true,"href":"https:\/\/www.uapovoense.net\/web\/wp-json\/wp\/v2\/comments?post=108"}],"version-history":[{"count":5,"href":"https:\/\/www.uapovoense.net\/web\/wp-json\/wp\/v2\/pages\/108\/revisions"}],"predecessor-version":[{"id":219,"href":"https:\/\/www.uapovoense.net\/web\/wp-json\/wp\/v2\/pages\/108\/revisions\/219"}],"wp:attachment":[{"href":"https:\/\/www.uapovoense.net\/web\/wp-json\/wp\/v2\/media?parent=108"}],"curies":[{"name":"wp","href":"https:\/\/api.w.org\/{rel}","templated":true}]}}